5
Suppose 2 = f - 9. What is the tens digit of f?
1
Let y be 15*(0 + 3/9). Suppose 0 = 4*j + 2*k + 76, -4*j - y*k - 100 = -24. Let t = 28 + j. What is the units digit of t?
9
Suppose 4*f = f + 15. Suppose -10 = 5*s - f*o, -5*s + 0*s - 14 = -4*o. What is the units digit of s/15 + 14/10?
1
What is the tens digit of (-10)/(-25) + (-126)/(-10)?
1
Suppose -4*s + 2*h = -286, 2*s - s - 4*h = 82. What is the units digit of s?
0
What is the tens digit of ((-36)/(-27))/(2/60)?
4
Suppose 0 = g + 5*w - 106, -415 = -5*g - 2*w - 0*w. What is the units digit of g?
1
Let k be 100/30*6/5. Suppose -119 + 283 = k*v. What is the tens digit of v?
4
Let o(r) = 14*r + 11. Let l(z) = -1. Let v(t) = -5*t - 3. Let m(b) = -l(b) - v(b). Let x(s) = -17*m(s) + 6*o(s). What is the units digit of x(-7)?
5
Suppose -d = -3*k + 805, -1073 = -5*k + 2*d + 267. What is the tens digit of k?
7
Let q = -24 - -13. Suppose 4*b + 44 = 2*b. Let t = q - b. What is the tens digit of t?
1
Let d be 7*4/((-4)/1). Let g = d + 10. What is the units digit of g?
3
Let y(t) = t**3 - 12*t**2 - 8*t - 3. Let q be y(13). Let h = 94 - q. What is the tens digit of h?
3
Let u be -30*(12/9 - 2). Suppose -h = 3*h - u. Suppose c + 1 - 11 = -t, h*c = -2*t + 17. What is the tens digit of t?
1
Let o(y) = 9*y + 7. Let x be (1 - 0)/((-1)/(-5)). Let w be o(x). What is the units digit of 3/(-15) + w/10?
5
Suppose -15 = -2*k - n, 3*k + 4*n - 24 = k. Suppose k*h - 8 = 4*h. Suppose -h*v = -2*v - 10. What is the units digit of v?
5
What is the units digit of (0 - -23) + -3 - -4?
4
Suppose -76 = -2*n - 4*v, 4*n = 8*n - 3*v - 97. What is the units digit of n?
8
Suppose -55 = 4*z + z. Let t(l) = -l**3 - 12*l**2 - 9*l + 10. Let n be t(z). Let a = -6 - n. What is the units digit of a?
6
Suppose 11 = -4*g + 5*g. Suppose -2*k + 8 = i + 1, -2*k - 5*i = -g. What is the units digit of k?
3
What is the hundreds digit of 1 - ((-138 - 2) + 0)?
1
Let v(z) = -21*z + 7. What is the units digit of v(-3)?
0
Let s(b) = 2*b**2 + 16*b + 6. What is the tens digit of s(3)?
7
Suppose 15*u = 13*u + 186. What is the tens digit of u?
9
Let t(x) = -5*x. Let c be t(-1). Suppose 5*u = c*d + 20, u = -d - 0*d + 6. What is the units digit of (d/3*3)/1?
1
Let x(u) = u**2 - 5*u + 5. Let p(v) = 5*v**2 - 25*v + 26. Let y(r) = -2*p(r) + 11*x(r). What is the tens digit of y(7)?
1
Suppose -1 = -f + 1. Let w = -3 + 5. Suppose -3*o = 2*o - w*k - 50, f*k = 0. What is the tens digit of o?
1
Suppose -3*o + k + 18 = 4*k, -2*o = -3*k + 13. Let y = 4 + o. What is the units digit of y?
5
Suppose -3*s + 18 = -0*s. What is the units digit of s?
6
Let o(m) = 2*m + 1. Let w(u) = -u**3 + 6*u**2 + 7*u + 3. Let v be w(7). What is the units digit of o(v)?
7
Let o(g) = g**2 + g - 15. Let w(h) = h**2 + h + 1. Let a(m) = -o(m) + 2*w(m). What is the tens digit of a(0)?
1
Let w(n) be the second derivative of -n**4/12 + 5*n**3/2 - 2*n. What is the units digit of w(10)?
0
Suppose 17*n - 455 = 12*n. What is the units digit of n?
1
Let r(m) = -m**3 + 4*m**2 - 3*m + 2. Let v be r(3). Suppose 2*b + 2*w = 0, -3*w + 1 + v = 4*b. Suppose 2*o - 40 = -b*o. What is the units digit of o?
8
Suppose -2 = -o + 4. Let i(f) = f + 12. Let q(d) = -d - 13. Let p(k) = o*q(k) + 7*i(k). What is the units digit of p(-3)?
3
Let j(d) = -d**3 + 9*d**2 + d - 5. Let y be ((-3)/(-3))/(1/9). Let g be j(y). Suppose 2*q - 6*q - 5*s + 18 = 0, 29 = 3*q - g*s. What is the units digit of q?
7
Let l be 7/(-14)*2*-2. Let q(s) = 10*s - 2. What is the units digit of q(l)?
8
What is the units digit of (-3 - -4)/((-1)/(-9))?
9
Let m(k) = -k + 6. Let a be m(7). Let d be ((-3)/(-9))/(a/(-6)). Suppose -3*z - 4*n + 24 = 0, 3*n = -d*z + z + 13. What is the units digit of z?
4
Suppose 0 = 3*c - 2*c - 4. Suppose 3*k - 4*k = -4*n + 11, 5*k - 41 = -4*n. Suppose -43 = -n*l + a, c*l - 3*a - 30 - 19 = 0. What is the units digit of l?
0
Suppose 5*j = x + 207, 87 + 6 = 2*j + 3*x. Suppose -z = -3*z + j. What is the units digit of z?
1
Let q be (-6)/9 - 82/3. Let c = q + 63. What is the units digit of c?
5
Let a(j) = -3*j + 3. Suppose 5*y + 0*y = -70. What is the units digit of a(y)?
5
Let l be (-35)/10*8/(-2). Let i = -9 + l. What is the units digit of i?
5
Suppose -30 = -2*d - 0*y - 2*y, -4*d - 2*y = -60. Suppose 3*x + 2*x = d. What is the units digit of x?
3
Suppose -2*a + 4*l + 280 = 0, 3*l + 1 = -2. What is the tens digit of a/4 - (-18)/(-12)?
3
Let v = 82 - 59. Let t be 4/(-10) + v/(-5). Let j = t + 7. What is the units digit of j?
2
Let k(v) = -v + 2. Let c be k(-1). Suppose 4*s = c*s + 18. What is the units digit of s?
8
What is the tens digit of (-1*(-1)/(-2))/(11/(-1672))?
7
Let g(x) = -2*x**3 - 10*x**2 - 5*x + 9. What is the hundreds digit of g(-7)?
2
Let a(f) be the first derivative of -f**2/2 - 4*f - 3. Let c(r) = -r**3 - 4*r**2 + 2*r + 3. Let m be c(-4). What is the units digit of a(m)?
1
Let x be (-4)/14 - 60/(-14). Suppose -2*z + x*z = 22. What is the tens digit of z?
1
Let t = 833 + -545. What is the tens digit of t?
8
Let u(l) = l**3 + 6*l**2 + 2*l. Let w be u(-5). Suppose -2*j - d = -w + 44, 2*d = -2. What is the tens digit of (-4)/j + (-89)/(-7)?
1
Let c(k) = 2*k + 11. Let h be c(-8). Let r = -3 - h. What is the units digit of r?
2
Let b(o) = 1 + 6*o - 1 + o**2 + 1. Let a(q) = q**2 - 5*q - 6. Let z be a(5). What is the units digit of b(z)?
1
Suppose 3*s + 3*k - 99 = 0, -3*s - s + 2*k = -150. What is the tens digit of s?
3
What is the tens digit of -4*2/20 - (-2361)/15?
5
Let c(f) = -4*f - 6. What is the units digit of c(-6)?
8
Let f(t) = t**3 - t**2 + 2*t - 3. Let l be f(2). Suppose -9 = u - 91. Suppose 22 - u = -l*s. What is the tens digit of s?
1
Let z(h) = -18 + 3*h + 7*h**2 + 5*h**3 + 4*h**2 + 3 - 6*h**3. What is the tens digit of z(11)?
1
Let x be (-75)/(-27) + 6/27. Suppose x*w = -2*a + 21, -a + 0*a = -5*w + 35. What is the units digit of w?
7
Let s(y) = y**3 + y + 13. What is the units digit of s(0)?
3
Let m(g) = 3*g. Suppose -v - 5 = 2*j, 0*v - 2*v - j = 4. Let a be m(v). Let n = a + 4. What is the units digit of n?
1
Let p be -3*-2*4/3. Let s = 6 + p. What is the units digit of s?
4
Let j(t) = -t**2 + 12*t - 3. What is the tens digit of j(8)?
2
Suppose -14 = -3*v - 5. Let a = v - -2. Suppose 2*p + 3*k = 21, 78 = a*p - 0*k - k. What is the units digit of p?
5
Suppose v - 7 = 3*n, -v + n + 9 = -n. Suppose -2*b - j = j - 66, b - 3*j - v = 0. What is the units digit of b?
8
Let m = 6 + 19. What is the units digit of m?
5
What is the units digit of (-1632)/(-18) + 4 - (-2)/6?
5
What is the tens digit of (4 - 8)/(-1) - -22?
2
Suppose -21*n = -22*n + 14. What is the units digit of n?
4
Suppose 22 = 3*y - 65. What is the units digit of y?
9
What is the units digit of (-29 - -2)/(6 + -3 - 4)?
7
Let k = 78 + -53. What is the units digit of k?
5
Suppose -5*b + 27 = -33. Suppose -a - 8 = -3*t, a = -4*t + 1 + b. Let o(n) = 2*n**2 - 4*n + 3. What is the units digit of o(t)?
9
Suppose -7 = u - 2*g, g = -3*u + 6*g - 16. Let z = -5 + u. Let i = z - -8. What is the units digit of i?
6
What is the tens digit of 3/(-9) + 58/3?
1
Let k(c) = -c**3 - c**2 + 5*c + 4. Suppose 3*s = -5*z - 21, -z + 5 = -2*z - s. What is the units digit of k(z)?
7
Suppose -h + 5 = 3. What is the units digit of h?
2
What is the tens digit of (4 - 26)/((-2)/6) + -4?
6
Let y = -3 + 4. Let g = y - 1. Suppose 0 = -3*k - g*k + 15. What is the units digit of k?
5
What is the tens digit of (-18)/4*44/(-6)?
3
Suppose -4*l = -g - 52, -4*l - 2*g = -31 - 33. What is the tens digit of l?
1
Let m = 15 + -11. Suppose 75 = l + 5*s, m*l - 3*s = -2*s + 384. Suppose a = 6*a - l. What is the units digit of a?
9
Suppose -7*q + 2*q + 10 = 0. Let l be (42/35)/((-6)/(-80)). Suppose -4*p + l = -2*w, -p - 10 = -3*p + q*w. What is the units digit of p?
3
Suppose 0 = -2*j + 15 + 23. What is the tens digit of j?
1
Let h(u) = -u**3 + u**2 + u - 2. Suppose o + 10 = -4*o. What is the units digit of h(o)?
8
Suppose -z + 16 + 90 = 0. Let u = 160 - z. What is the tens digit of u?
5
Suppose 0 = -4*b + b + 186. What is the tens digit of (9/18)/(1/b)?
3
Let l(i) = -2*i**3 + 6 + i**3 + 16*i + 0 - 1 + 14*i**2. What is the tens digit of l(15)?
2
Suppose -5*a - 27 = -2*a. Let d(t) be the second derivative of -t**3/6 - t**2 - 5*t. What is the units digit of d(a)?
7
Let g be (-4)/16*17*-8. 